
3, 5
Suppose 4*p + 20 = 0, 3*p - 58 = -3*s + 4*s. Let i = s + 150. What are the prime factors of i?
7, 11
Suppose 0 = -24*p + 21759 + 20985. List the prime factors of p.
13, 137
Let n = 22 - -299. What are the prime factors of n?
3, 107
Suppose 7*l - 780 = 2*l. Suppose 4*r - r = l. What are the prime factors of r?
2, 13
Let j be (0 + -2)*(-14)/4. Suppose -2*g - 22 = -4*k + 8, -5*k - g + 41 = 0. Let x = j + k. What are the prime factors of x?
3, 5
Let q = 499 - 223. List the prime factors of q.
2, 3, 23
Suppose 13*v - 8853 = -0*v. What are the prime factors of v?
3, 227
Suppose -7 = -o - 34. Let d be 1/(((-8)/40)/((-104)/(-10))). Let g = o - d. What are the prime factors of g?
5
Let h(s) = 2*s + 5. Let w(j) = -j - 9. Let q be w(-9). Let i be h(q). Suppose 0 = 3*f + i*o - 2, -5*f + 5*o + 41 + 29 = 0. What are the prime factors of f?
3
Suppose -169 = -p + 5*r + 1110, -4*p - 2*r = -5116. List the prime factors of p.
1279
Let z be (28/(-6))/((-5)/(-2910)*-4). Let b = -414 + z. List the prime factors of b.
5, 53
Suppose 0 = 25*o - 456 - 569. List the prime factors of o.
41
Suppose -3*w + 0*w + 3980 = 5*v, 20 = -4*v. Suppose -i = -5*q + w - 234, -3*q - 2*i = -658. List the prime factors of q.
2, 5, 11
Suppose -2*k = k - 3192. What are the prime factors of k?
2, 7, 19
Let t = 73 - 71. Suppose -4*p = -4*o - 2*p + 448, -t*o + 228 = p. What are the prime factors of o?
113
Let f be 4 - 1/(1/2). Suppose -f*v - 3*t - 156 = 0, 2*v - 3*t = -0*t - 144. What are the prime factors of v/(-27) - (-4)/18?
3
Let i = -1957 + 3570. What are the prime factors of i?
1613
What are the prime factors of (636/(-265))/((-2)/1705)?
2, 3, 11, 31
Let a(g) be the second derivative of g**6/180 - g**5/60 - g**4/24 - g**3/6 - g. Let d(z) be the second derivative of a(z). List the prime factors of d(4).
23
Suppose 8*o - o = -1274. What are the prime factors of 2/6 - o/(-42) - -45?
41
List the prime factors of -435*(-7)/(-35)*-3.
3, 29
Suppose 3*y + 26 = -1. Let c(d) = 15*d**3 - 1. Let x be c(-1). Let l = y - x. List the prime factors of l.
7
Let t = 1949 - 762. List the prime factors of t.
1187
List the prime factors of (5 - 5814/42)*-7.
2, 467
What are the prime factors of (-6)/9*(-1190 + -13)?
2, 401
Suppose -64*u = -65*u + 107. Let s = u + -38. What are the prime factors of s?
3, 23
Let z(s) = s**3 - 5*s**2 - 13*s + 2. What are the prime factors of z(7)?
3
Let i = 174 - 170. Suppose -i*l = 2*k - 646, -k = -2*l - 2*l - 329. What are the prime factors of k?
5, 13
Let i = -10 - -25. Suppose 2*h + i = 19. Let t(x) = 17*x + 2. What are the prime factors of t(h)?
2, 3
Let a(i) = -i - 2 - 2 + 4*i**2 - i**3 + 7. Let x be a(5). List the prime factors of (-3)/(-15) - x/15.
2
Suppose -31*w = 1749 - 13095. List the prime factors of w.
2, 3, 61
Suppose -2*y + 2*f - 5*f = -3798, 3*f = -4*y + 7584. What are the prime factors of y?
3, 631
Suppose 11*y - 8128 - 30570 = 0. What are the prime factors of y?
2, 1759
Let s be ((-9)/(-12))/((-2)/48). Let q = s + 31. List the prime factors of q.
13
Suppose 2*p = 3*c - 57 + 19, 0 = 3*c - 3*p - 42. Suppose c + 14 = w. List the prime factors of w.
2, 3
Let h(a) = 6*a**2 - 27*a + 14. List the prime factors of h(9).
257
Let k(j) = j**3 - 28*j**2 + 24*j + 13. What are the prime factors of k(28)?
5, 137
Let l = 2521 + -974. List the prime factors of l.
7, 13, 17
Let t = 164 - 113. Suppose -47*v = -t*v + 608. What are the prime factors of v?
2, 19
Let u(b) = b**2 - b. Let p(m) = -6*m**2 + 22*m - 10. Let d(s) = -p(s) - 3*u(s). List the prime factors of d(-7).
2, 5, 29
Suppose -v = -2*v - 5*y + 41, 3*v - y = 187. Suppose -5*u - 16 = -v. What are the prime factors of (-12)/(-54) + 97/u?
11
Let p be -57*-2*12/9. Suppose 3*k = k + p. List the prime factors of k.
2, 19
Suppose 7*h = 3*h - 5*s + 93, 5*h + 5*s - 110 = 0. Let i be (3 - 6)*h/1. Let z = i + 83. List the prime factors of z.
2
List the prime factors of (-23495)/(-55) + 4/(-22).
7, 61
Suppose -18*x + 4554 = -7*x. What are the prime factors of x?
2, 3, 23
Suppose -5*m = -l + 4350 + 685, 0 = -5*l + m + 25079. What are the prime factors of l?
5, 17, 59
Suppose 5*z - 120 = 2*v - 10, 4*z + 4*v = 60. Let m = z + 11. What are the prime factors of m?
31
Let t = 54 + -62. Let b(g) = -g**2 - g - 1 - 6*g - 2*g. What are the prime factors of b(t)?
7
Let u be 4 + 2/(-4)*-8. Let i(h) = 2*h**2 - 12*h + 3. Let l be i(u). Suppose -l = -7*a + 2*a. What are the prime factors of a?
7
Let w = 927 + -37. List the prime factors of w.
2, 5, 89
Let y be -11*1/(-2 + 1). Let s(r) = 3*r**2 - 7*r + y*r - 3*r. What are the prime factors of s(1)?
2
Suppose 2*m - 3 - 7 = 0. Let b(g) = -2 + m + 3 - 4*g - g - g**2. What are the prime factors of b(-5)?
2, 3
Let u(j) = 7*j**2 - 38*j - 175. What are the prime factors of u(-14)?
7, 13, 19
Let p(x) = -x**2 - 14*x - 16. Let g be p(-13). Let h be g + 4 + -4 - -12. Suppose 5*a - h*a + 136 = 0. List the prime factors of a.
2, 17
Let u(d) = -20*d + 1. Suppose 0 = -3*f + 2*f + 3. Suppose 4 - f = -b. What are the prime factors of u(b)?
3, 7
Let m(p) = -p + 12. Let j(f) = -2*f + 1. Let n be j(2). Let y be (-1)/(-3) + 31/n. What are the prime factors of m(y)?
2, 11
Suppose 3*d + 3*n - 5 = -2, -4*d + 2*n - 2 = 0. Suppose d = 3*h - 47 - 28. Suppose 0 = 6*i - h - 35. What are the prime factors of i?
2, 5
Suppose 2*g - 4*g = 0, 0 = x + 4*g + 2. What are the prime factors of (24 - x)/((-12)/(-36))?
2, 3, 13
Suppose 11 = 3*l + y, l - 4*y - 8 = -0. Suppose -l*u - 206 = -3*t, -u - 129 = -3*t + t. List the prime factors of t.
2, 31
Suppose -5*n = -4*v + 2*v + 3051, -3021 = -2*v - n. Suppose 313 = -5*u + v. List the prime factors of u.
2, 3, 5
Suppose -8*g + 20 = -3*g. Suppose z + 5*y = 16, g + 18 = 4*z - y. List the prime factors of 2 + 6 + z + -7.
7
Suppose -3 = 3*h - 2*h - u, 0 = -4*h + 2*u - 16. What are the prime factors of -4 - (-20)/h*-4?
2, 3
Suppose 6 = 2*j - 0. Suppose 5*r = j*r. Suppose -a + 3 - 1 = r. What are the prime factors of a?
2
Let f be ((-40)/(-32))/((-2)/48). Let s be 15/f + 22/4. Suppose 4*m - 36 = -s*a, 0 = 4*m - 0*m + a - 36. List the prime factors of m.
3
Let q = -12 + 12. Let d be -4*-2*(q - 1). Let s = d - -10. List the prime factors of s.
2
Suppose 5*w = 83 - 18. Let k(m) = -m**3 + 16*m**2 - 24*m - 9. List the prime factors of k(w).
2, 3, 31
Suppose 4*b - 1868 = 3*g, -4*g = -8*g + 16. List the prime factors of b.
2, 5, 47
Suppose 8*o + 339 - 3355 = 0. Let m = 549 - o. List the prime factors of m.
2, 43
Let v be 6/(-21) + (-26)/7. Let b be (v/7)/(16/(-56)). Suppose -4*d = 4*i - 100, b*i - i - d = 29. What are the prime factors of i?
3
Let o = 136 + -237. Let g = -63 - o. List the prime factors of g.
2, 19
List the prime factors of ((-92)/(-2) - 1)*83581/3021.
3, 5, 83
Suppose 6269 = -11*g + 22087. What are the prime factors of g?
2, 719
Suppose -3*x = -3*p, 2*p = 4*p - 4. Suppose -x*j - j = -y - 629, -223 = -j + 3*y. What are the prime factors of (0 + 3)*j/16?
3, 13
Let f = 342 + -173. List the prime factors of f.
13
Suppose 0 = -7*v + 10*v + 252. What are the prime factors of ((-15)/35*20)/(3/v)?
2, 3, 5
Suppose -2*q + 1376 = q - 2*u, -q + 2*u + 464 = 0. Suppose 0 = -4*s, 3*v + 3*s = -v + q. What are the prime factors of v?
2, 3, 19
Let q = 907 + -273. List the prime factors of q.
2, 317
Suppose r + 2 = 3. Suppose 0 = 3*x + r - 157. What are the prime factors of x?
2, 13
Suppose 5*k = k + 1368. Suppose a = 7*a - k. List the prime factors of a.
3, 19
Suppose -s = 4*s + 135. Let u be (2*s)/(2 + -4). Let n = -15 + u. List the prime factors of n.
2, 3
Let h = 6 - 10. Let t = -2 - h. Suppose -t*k + 2 = -k. List the prime factors of k.
2
Let k(y) = 6*y - 15 - 11*y - y**3 - 7*y - 2*y**2 - 5*y**2. What are the prime factors of k(-7)?
3, 23
List the prime factors of (475 - -5) + -1 + 6.
5, 97
Suppose 1 = -4*g + 21. Suppose g*i = 844 + 411. What are the prime factors of i?
251
Suppose -6 = -6*o + 9*o. Let t(c) = -31*c - 2. Let n be t(o). What are the prime factors of 6/4*n/9?
2, 5
Let i = 16 + -32. List the prime factors of 165/(i/(-4) + -3).
3, 5, 11
Suppose 15*y = 13*y + 182. What are the prime factors of y?
7, 13
Let a(v) = -v**3 + v**2 + v - 2. Let j be a(2). List the prime factors of 1/5 - (888/15)/j.
3, 5
Let i = 1458 - 710. List the prime factors of i.
2, 11, 17
Suppose 0 = 12*j - 45